ded by 14?
8
Calculate the remainder when 11622 is divided by 3760.
342
What is the remainder when 202901 is divided by 164?
33
Calculate the remainder when 139020 is divided by 102.
96
Calculate the remainder when 4365 is divided by 24.
21
Calculate the remainder when 278009 is divided by 1433.
7
Calculate the remainder when 43071 is divided by 24.
15
Calculate the remainder when 7227 is divided by 710.
127
Calculate the remainder when 1124706 is divided by 40.
26
What is the remainder when 2568 is divided by 492?
108
Calculate the remainder when 14062 is divided by 20.
2
What is the remainder when 4592 is divided by 1525?
17
Calculate the remainder when 4563 is divided by 345.
78
What is the remainder when 8287 is divided by 104?
71
What is the remainder when 117243 is divided by 26?
9
Calculate the remainder when 99025 is divided by 8250.
25
What is the remainder when 1413 is divided by 526?
361
What is the remainder when 412255 is divided by 13?
12
What is the remainder when 31029 is divided by 70?
19
Calculate the remainder when 2591 is divided by 633.
59
Calculate the remainder when 854 is divided by 669.
185
What is the remainder when 97308 is divided by 504?
36
Calculate the remainder when 538 is divided by 48.
10
What is the remainder when 490 is divided by 29?
26
Calculate the remainder when 6497 is divided by 1501.
493
What is the remainder when 22103 is divided by 189?
179
What is the remainder when 40696 is divided by 148?
144
What is the remainder when 407869 is divided by 237?
229
What is the remainder when 16494 is divided by 214?
16
Calculate the remainder when 3777 is divided by 181.
157
What is the remainder when 97845 is divided by 3494?
13
What is the remainder when 14337 is divided by 91?
50
What is the remainder when 2232 is divided by 461?
388
What is the remainder when 13421 is divided by 1068?
605
Calculate the remainder when 113180 is divided by 93.
92
What is the remainder when 5797 is divided by 215?
207
What is the remainder when 29234 is divided by 637?
569
What is the remainder when 93893 is divided by 722?
33
Calculate the remainder when 224810 is divided by 67.
25
What is the remainder when 871 is divided by 122?
17
Calculate the remainder when 4666 is divided by 326.
102
What is the remainder when 46440 is divided by 673?
3
Calculate the remainder when 9879 is divided by 94.
9
Calculate the remainder when 953756 is divided by 480.
476
What is the remainder when 114050 is divided by 2154?
2042
What is the remainder when 30845 is divided by 7705?
25
Calculate the remainder when 4580 is divided by 269.
7
Calculate the remainder when 100142 is divided by 1055.
972
Calculate the remainder when 114989 is divided by 30.
29
Calculate the remainder when 170405 is divided by 3215.
10
Calculate the remainder when 201777 is divided by 67254.
15
What is the remainder when 69411 is divided by 11565?
21
Calculate the remainder when 19038 is divided by 2375.
38
Calculate the remainder when 307 is divided by 51.
1
What is the remainder when 19624 is divided by 6539?
7
Calculate the remainder when 15350 is divided by 160.
150
Calculate the remainder when 15631 is divided by 3125.
6
What is the remainder when 4573915 is divided by 780?
775
What is the remainder when 20967 is divided by 14?
9
Calculate the remainder when 1461587 is divided by 292317.
2
Calculate the remainder when 76028 is divided by 526.
284
What is the remainder when 13484 is divided by 254?
22
What is the remainder when 4117749 is divided by 325?
324
Calculate the remainder when 14798 is divided by 4930.
8
What is the remainder when 160516 is divided by 8448?
4
What is the remainder when 179608 is divided by 276?
208
Calculate the remainder when 103339 is divided by 6889.
4
What is the remainder when 14320 is divided by 2043?
19
What is the remainder when 1359 is divided by 452?
3
What is the remainder when 76256 is divided by 693?
26
What is the remainder when 132593 is divided by 154?
153
What is the remainder when 1721 is divided by 356?
297
What is the remainder when 1296 is divided by 246?
66
What is the remainder when 2093 is divided by 160?
13
Calculate the remainder when 28824 is divided by 84.
12
What is the remainder when 33430 is divided by 51?
25
What is the remainder when 32464 is divided by 16230?
4
Calculate the remainder when 3226 is divided by 994.
244
What is the remainder when 3688 is divided by 602?
76
Calculate the remainder when 88095 is divided by 90.
75
What is the remainder when 897119 is divided by 17?
12
What is the remainder when 9359 is divided by 80?
79
What is the remainder when 662210 is divided by 5055?
5
What is the remainder when 7585 is divided by 175?
60
Calculate the remainder when 2251 is divided by 69.
43
What is the remainder when 112516 is divided by 266?
264
Calculate the remainder when 423768 is divided by 62.
60
What is the remainder when 96005 is divided by 95992?
13
Calculate the remainder when 9683 is divided by 124.
11
What is the remainder when 35152 is divided by 781?
7
What is the remainder when 105030 is divided by 34966?
132
Calculate the remainder when 29881 is divided by 17.
12
What is the remainder when 4977 is divided by 367?
206
What is the remainder when 28568 is divided by 28530?
38
Calculate the remainder when 400277 is divided by 52.
33
What is the remainder when 1599 is divided by 793?
13
What is the remainder when 284001 is divided by 79?
75
What is the remainder when 39000 is divided by 19446?
108
What is the remainder when 35218 is divided by 5867?
16
What is the remainder when 577855 is divided by 292?
279
Calculate the remainder when 49191 is divided by 52.
51
Calculate the remainder when 4195 is divided by 20.
15
What is the remainder when 65631 is divided by 1262?
7
Calculate the remainder when 9499 is divided by 1051.
40
Calculate the remainder when 19294 is divided by 67.
65
Calculate the remainder when 125751 is divided by 7.
3
What is the remainder when 446 is divided by 386?
60
What is the remainder when 38820 is divided by 19?
3
What is the remainder when 19577 is divided by 82?
61
Calculate the remainder when 7103 is divided by 2229.
416
What is the remainder when 13352 is divided by 218?
54
What is the remainder when 5937 is divided by 499?
448
Calculate the remainder when 75765 is divided by 132.
129
Calculate the remainder when 57441 is divided by 884.
865
Calculate the remainder when 125308 is divided by 41754.
46
Calculate the remainder when 35535 is divided by 124.
71
Calculate the remainder when 98047 is divided by 128.
127
Calculate the remainder when 1067 is divided by 110.
77
Calculate the remainder when 2418 is divided by 206.
152
What is the remainder when 710301 is divided by 84?
81
What is the remainder when 496867 is divided by 402?
397
Calculate the remainder when 9256 is divided by 3007.
235
Calculate the remainder when 2409 is divided by 802.
3
What is the remainder when 1134 is divided by 1048?
86
Calculate the remainder when 602557 is divided by 174.
169
What is the remainder when 1773 is divided by 970?
803
What is the remainder when 51380 is divided by 17118?
26
What is the remainder when 867136 is divided by 1036?
4
What is the remainder when 1755 is divided by 1748?
7
Calculate the remainder when 8272 is divided by 360.
352
Calculate the remainder when 228971 is divided by 43.
39
Calculate the remainder when 5164 is divided by 265.
129
Calculate the remainder when 14664358 is divided by 40.
38
Calculate the remainder when 3570 is divided by 94.
92
What is the remainder when 11057 is divided by 336?
305
What is the remainder when 46483 is divided by 103?
30
What is the remainder when 9172 is divided by 2275?
72
What is the remainder when 1579 is divided by 451?
226
Calculate the remainder when 172332 is divided by 199.
197
Calculate the remainder when 4126 is divided by 2026.
74
Calculate the remainder when 390429 is divided by 24.
21
Calculate the remainder when 133959 is divided by 275.
34
What is the remainder when 335310 is divided by 297?
294
Calculate the remainder when 37403 is divided by 167.
162
Calculate the remainder when 22138 is divided by 10756.
626
What is the remainder when 35049 is divided by 46?
43
What is the remainder when 14076 is div